306079168?
3
What is the tens digit of 1483665224?
2
What is the ten millions digit of 191420019?
9
What is the hundred millions digit of 160165118?
1
What is the thousands digit of 460952443?
2
What is the ten thousands digit of 27477059?
7
What is the ten millions digit of 64510521?
6
What is the thousands digit of 824530385?
0
What is the hundreds digit of 17401948?
9
What is the thousands digit of 4844067?
4
What is the millions digit of 778950973?
8
What is the units digit of 4409676614?
4
What is the thousands digit of 27786729?
6
What is the tens digit of 24157877?
7
What is the hundred thousands digit of 371619294?
6
What is the thousands digit of 123127261?
7
What is the hundreds digit of 3779992632?
6
What is the tens digit of 1654313962?
6
What is the units digit of 15735244?
4
What is the thousands digit of 221760024?
0
What is the ten thousands digit of 53385142?
8
What is the units digit of 2439819988?
8
What is the thousands digit of 96833070?
3
What is the units digit of 4730253987?
7
What is the ten thousands digit of 175889959?
8
What is the hundred thousands digit of 1446252618?
2
What is the ten millions digit of 478407160?
7
What is the ten thousands digit of 5011739?
1
What is the ten millions digit of 153455348?
5
What is the hundreds digit of 313566162?
1
What is the ten millions digit of 57059166?
5
What is the millions digit of 150714511?
0
What is the hundred thousands digit of 418609811?
6
What is the tens digit of 1083754786?
8
What is the hundreds digit of 79768100?
1
What is the ten thousands digit of 1930659865?
5
What is the units digit of 19795999?
9
What is the tens digit of 256015929?
2
What is the ten thousands digit of 5482587678?
8
What is the hundred millions digit of 1320166305?
3
What is the hundred millions digit of 353178370?
3
What is the units digit of 247013364?
4
What is the tens digit of 5861594?
9
What is the hundred thousands digit of 80156889?
1
What is the ten thousands digit of 21946560?
4
What is the ten thousands digit of 43432046?
3
What is the hundred thousands digit of 152307238?
3
What is the hundreds digit of 80902202?
2
What is the thousands digit of 44063403?
3
What is the ten millions digit of 20796104?
2
What is the ten thousands digit of 40070461?
7
What is the units digit of 169332808?
8
What is the ten thousands digit of 828232732?
3
What is the hundreds digit of 17085687?
6
What is the ten millions digit of 338849975?
3
What is the hundred thousands digit of 6107537353?
5
What is the millions digit of 27282345?
7
What is the hundred millions digit of 3484593223?
4
What is the ten millions digit of 728672468?
2
What is the tens digit of 193200008?
0
What is the hundred thousands digit of 45377388?
3
What is the hundred millions digit of 1129933596?
1
What is the units digit of 98959880?
0
What is the hundreds digit of 1387580049?
0
What is the millions digit of 26913396?
6
What is the thousands digit of 213053312?
3
What is the hundreds digit of 1542253395?
3
What is the hundreds digit of 1339229080?
0
What is the tens digit of 28993928?
2
What is the tens digit of 181098476?
7
What is the millions digit of 2233982395?
3
What is the ten millions digit of 1128924036?
2
What is the hundred millions digit of 177528409?
1
What is the hundred thousands digit of 1117883751?
8
What is the thousands digit of 401160?
1
What is the thousands digit of 807841589?
1
What is the hundreds digit of 112894822?
8
What is the ten millions digit of 615782879?
1
What is the tens digit of 2528305?
0
What is the thousands digit of 257850564?
0
What is the hundred thousands digit of 4200837282?
8
What is the ten thousands digit of 218063500?
6
What is the thousands digit of 201591558?
1
What is the hundred thousands digit of 1630033062?
0
What is the ten thousands digit of 839329653?
2
What is the hundred millions digit of 588168755?
5
What is the ten thousands digit of 32684056?
8
What is the hundreds digit of 200450641?
6
What is the millions digit of 9546530?
9
What is the tens digit of 39066260?
6
What is the millions digit of 737267440?
7
What is the thousands digit of 42044721?
4
What is the units digit of 16836082?
2
What is the hundreds digit of 25285015?
0
What is the hundreds digit of 4263882?
8
What is the billions digit of 1612726845?
1
What is the millions digit of 69821500?
9
What is the units digit of 144947320?
0
What is the units digit of 20811652?
2
What is the billions digit of 4855064385?
4
What is the hundred thousands digit of 44585758?
5
What is the tens digit of 402076158?
5
What is the hundreds digit of 2379370213?
2
What is the ten millions digit of 197202220?
9
What is the units digit of 37729253?
3
What is the tens digit of 96028515?
1
What is the ten thousands digit of 753966338?
6
What is the ten millions digit of 182747244?
8
What is the units digit of 3917932887?
7
What is the hundreds digit of 5148636192?
1
What is the millions digit of 60043619?
0
What is the tens digit of 11438317?
1
What is the hundred thousands digit of 536101986?
1
What is the hundreds digit of 342091929?
9
What is the units digit of 201050734?
4
What is the tens digit of 10014473?
7
What is the hundreds digit of 443569760?
7
What is the ten thousands digit of 118062594?
6
What is the hundred millions digit of 189305503?
1
What is the millions digit of 1286826748?
6
What is the thousands digit of 389150858?
0
What is the ten thousands digit of 17917379?
1
What is the hundreds digit of 24737660?
6
What is the thousands digit of 2749443815?
3
What is the tens digit of 4062100187?
8
What is the hundreds digit of 1057773702?
7
What is the ten thousands digit of 3505829024?
2
What is the millions digit of 79635469?
9
What is the units digit of 86290000?
0
What is the hundreds digit of 296349085?
0
What is the hundred millions digit of 550231766?
5
What is the hundreds digit of 750260614?
6
What is the ten millions digit of 52648673?
5
What is the units digit of 165407225?
5
What is the hundreds digit of 4407757?
7
What is the hundred thousands digit of 72180581?
1
What is the hundred thousands digit of 208493534?
4
What is the hundred millions digit of 523322400?
5
What is the ten thousands digit of 36789260?
8
What is the tens digit of 3881752157?
5
What is the hundred thousands digit of 190586046?
5
What is the ten thousands digit of 4043015802?
1
What is the units digit of 1578201908?
8
What is the hundred thousands digit of 10914514?
9
What is the hundreds digit of 807980906?
9
What is the thousands digit of 2555119753?
9
What is the thousands digit of 104499575?
9
What is the hundred thousands digit of 507074631?
0
What is the tens digit of 406763184?
8
What is the units digit of 454294576?
6
What is the millions digit of 236910349?
6
What is the thousands digit of 1009270970?
0
What is the hundred thousands digit of 49509140?
5
What is the hundreds digit of 2369240856?
8
What is the thousands digit of 31109821?
9
What is the hundred thousands digit of 993837700?
8
What is the ten millions digit of 1767594755?
6
What is the tens digit of 77237547?
4
What is the tens digit of 2246789999?
9
What is the millions digit of 360338440?
0
What is the tens digit of 221276274?
7
What is the units digit of 1136107080?
0
What is the millions digit of 573603411?
3
What is the ten millions digit of 176845605?
7
What is the ten millions digit of 20625679?
2
What is the hundred thousands digit of 1179528287?
5
What is the ten thousands digit of 1723454706?
5
What is the hundred thousands digit of 1609228675?
2
What is the units digit of 233944696?
6
What is the millions digit of 90145916?
0
What is the hundreds digit of 659521520?
5
What is the ten thousands digit of 538406878?
0
What is the ten millions digit of 261171168?
6
What is the hundreds digit of 1198239860?
8
What is the units digit of 508199893?
3
What is the units digit of 86984297?
7
What is the hundred thousands digit of 126513305?
5
What is the ten thousands digit of 126380197?
8
What is the billions digit of 3578655224?
3
What is the tens digit of 15163448?
4
What is the thousands digit of 341217289?
7
What is the hundreds digit of 32739529?
5
What is the tens digit of 961322?
2
What is the tens digit of 38971077?
7
What is the ten millions 